24. Let o be j/(-6) + 22/6. Is (954/(-30))/(o/(-20)) a composite number?
True
Suppose -f - 3*f = 3*v - 10160, 0 = 4*v + 3*f - 13556. Let b be ((-19 - -9) + 2107)*3. Let n = b - v. Is n composite?
True
Is ((-3)/18*1*177172)/(8/(-348)) a prime number?
False
Let i(p) = 2*p**2 + 15*p - 15. Let z be i(13). Suppose -1147 = 4*f - 5*g, f - 5*g = -2*f - 864. Let b = f + z. Is b composite?
True
Suppose -42 + 201 = -5*d - i, 0 = -5*i + 5. Let b = -28 - d. Suppose 0*f + 3*f = -4*r + 484, 606 = 5*r + b*f. Is r composite?
True
Let w(t) = 711*t**2 + 98*t - 148. Is w(21) composite?
False
Suppose -3*d + 661508 = 5*c, c - 167397 = -2*d + 273620. Is d composite?
False
Is (-1)/4 + ((-157328)/(-32))/(18/117) a prime number?
True
Let i(l) = -21274*l + 79. Is i(-3) composite?
False
Let k(u) = -u**3 + 19*u**2 + 21*u - 48. Let j = -440 + 421. Is k(j) a composite number?
True
Let j be -3*(-1)/(-3)*0. Let q be -1045 + 0 + (j - (-3)/3). Let l = q - -1511. Is l a composite number?
False
Let l(x) = x**2 - 15*x + 733. Suppose -g - 1 = 3*j - 0*g, 0 = 2*j + 3*g + 3. Is l(j) a prime number?
True
Let v(q) = -995*q + 25. Suppose -3*m - 29 = -5. Is v(m) a prime number?
False
Let o be 5 - -6925 - (-1 - -6 - 2). Let a = o + -4480. Is a a prime number?
True
Let m(k) = -5 - 21*k - 22*k - k. Suppose -53*a = -52*a + 11. Is m(a) a prime number?
True
Let h = 49268 + -7689. Is h a composite number?
False
Let b(d) be the first derivative of -d**4/4 - 8*d**3 + 9*d**2 - 33*d - 12. Is b(-26) prime?
False
Let f be (18/(-12))/((-7)/14) + 1. Suppose -2*y + 2*p = -3084, -2*y = f*p + 95 - 3185. Is y a composite number?
False
Suppose 0 = 5*v + 3*g - 1102561, 6*v = v + 5*g + 1102545. Is v a composite number?
False
Suppose -b - 3*v = -0 - 5, -2*b - 3*v = -10. Let r be 1*(1325/b)/1. Suppose -174 - r = -h. Is h prime?
True
Let y be 5/(0 - -25) + (-173058)/(-10). Let a = -11385 + y. Is a composite?
True
Let z = -42 - -25. Let k(b) = 3*b**2 - 12*b + 16. Let t(x) = -5*x**2 + 26*x - 31. Let i(l) = 11*k(l) + 6*t(l). Is i(z) prime?
True
Let f(x) be the second derivative of 779*x**4/12 + 2*x**3/3 - 12*x. Let s(w) = 2338*w**2 + 13*w. Let r(g) = 7*f(g) - 2*s(g). Is r(1) prime?
False
Let x = -403 + 406. Suppose -66888 = -3*s - x*r, 28*r = 25*r - 3. Is s composite?
True
Suppose -3*z - 4*d = -13, 2*d + 0*d - 7 = -z. Let o be (-21)/(-15) + z + 90/25. Suppose 4*m + 2*j = 2590, -o*m - 3*j = -6*m + 1307. Is m composite?
True
Let d = -11 - -20. Let y be (-687899)/(-8) - (5 - 370/80). Suppose -d*f = 2*f - y. Is f a prime number?
True
Suppose 0 = -14*d + 96573 + 5240969. Is d composite?
False
Let l = 66 - 70. Let b be -2*(-1)/3 - l/3. Suppose -b*t + 0*t - 10 = 0, 0 = 4*o - 2*t - 1334. Is o prime?
True
Let q be (-246)/(-63) + (-4)/(-42). Suppose 493 - 1638 = -3*l + q*p, 0 = -5*l - 5*p + 1885. Is l composite?
False
Let b = -85124 - -141679. Is b a prime number?
False
Suppose -4*i + 31507 = -64888 + 2823. Is i composite?
True
Let r(h) = -699*h - 378. Let s(k) = -k. Let j(w) = -r(w) + 4*s(w). Is j(13) a prime number?
True
Let t(b) = 105*b**3 + 4*b**2 - 2*b - 1. Let u be t(2). Let c = 2952 - u. Suppose 4*h = c + 911. Is h a composite number?
True
Let j = -1595890 - -2912867. Is j composite?
True
Let t be (-2 - -1)*(-27 + 28) + 7. Suppose 19*q - 170125 = -t*q. Is q a prime number?
False
Is (-2)/5 - ((-5657616)/15 - 23) a prime number?
True
Suppose 113039 = c - 14*l + 11*l, -7*c + 791409 = -4*l. Is c a prime number?
True
Let l = 105016 + -15263. Is l a prime number?
True
Let u(f) = 2*f**2 - 21*f + 47. Let t be u(7). Is 16109 - t - (-78)/(-13) a prime number?
False
Let j(c) = 1115*c + 4 - 30 - 14 - 3. Let w be j(7). Is (-4 + 2)*2 + w + -5 a prime number?
True
Let z(t) = -t**2 - 17*t + 15. Let r be z(-32). Let b be 2/8 + 6894/8. Let m = b + r. Is m composite?
False
Suppose 52*o + 112 = 59*o. Suppose -4*i + 19*p - o*p = -4600, -2*i - 3*p = -2282. Is i prime?
False
Let d be (12/36)/(2/18). Let b be (783/(-6))/(2/(-4)). Suppose -4*y + 570 + b = s, -224 = -y + d*s. Is y composite?
True
Suppose -25*z = 37 - 287. Let b(c) = 4*c**3 - 8*c**2 + 23*c - 21. Is b(z) prime?
False
Let q(g) = 53*g**2 - 2052*g + 207. Is q(-50) composite?
False
Is (-70841)/((-444)/63 + (-20)/210 - -7) composite?
True
Let d(b) = 349*b**3 - b**2 + b. Let l be 2*(9/6)/3. Let j be d(l). Let p = j - 54. Is p composite?
True
Suppose -4*i + 700531 = -3*u - 23728, i - u = 181066. Is i a composite number?
False
Let b be 6/((306/12)/(-17)). Is (413/21 - b)/((-2)/(-246)) prime?
False
Let g(q) = 175*q**2 + 3*q - 45. Let i be g(-8). Suppose -4*b + 10425 + i = 0. Is b a prime number?
False
Let j(t) = 59*t**2 - 5*t + 4. Let y be j(-4). Suppose 5*h + 2*c + y = 7403, 5*c + 25 = 0. Suppose -2*q + h = m, -m + 3 = 8. Is q a prime number?
True
Let m(t) = -20 + 22 + 13*t + 28 + 15 + t**2. Is m(-17) a composite number?
False
Let w(x) = x**2 + 20*x + 31. Let k be w(-18). Is 4699/(k + (-5 - -11)) a prime number?
False
Suppose 4*s - 413902 = -3*d, -5*s + 5*d - 122639 + 639964 = 0. Is s a composite number?
False
Let y(g) = 2969*g**2 + 5*g - 25. Is y(-9) a composite number?
True
Suppose 0 = 3*b - 2*y - 7673, 4*b - 10233 = -30*y + 35*y. Is b a composite number?
False
Let t be (-5)/15 + 89610/18. Let j = 11775 - t. Is j composite?
True
Let l = 96438 + -63001. Is l a prime number?
False
Let d = -45 - -44. Let x be -2*(11 + d) + (-2 - 0). Is (-19240)/(-72) - (x/(-18) - 1) prime?
False
Let a(k) = 177265*k**2 + 4*k - 4. Is a(-1) a prime number?
True
Let d(k) = 2*k**2 + 3*k + 2. Let t be d(-9). Suppose 13*a = -11254 + 49006. Let j = a - t. Is j composite?
False
Let d = 2951 + -1316. Suppose -1958 - d = -2*i - 3*g, -2*i - g = -3599. Is i a prime number?
True
Let z be 5/30 + 123/18. Let i(t) = 76*t**2 - 13*t + 6. Is i(z) a composite number?
True
Let r = -202 + 222. Is 10425 + r/(-15)*3 a composite number?
True
Let b = -47 + -16. Let f = -60 - b. Suppose 0*p + m - 2113 = -f*p, -4*p + 2796 = -4*m. Is p composite?
True
Let s(a) = -54*a - 81. Let d be s(-2). Let z(n) = n**3 - 10*n**2 - 22*n + 110. Is z(d) prime?
True
Suppose -173869 = -2*r - 2*q + 388977, 0 = -4*q + 16. Is r a prime number?
True
Let s(k) = 107*k**3 - 4*k**2 - k - 19. Let o(y) = -y**3 - 24*y**2 - 24*y - 19. Let b be o(-23). Is s(b) a prime number?
True
Let k = 30359 + -13200. Is k composite?
False
Let d(o) be the second derivative of 1/2*o**2 + 0 + 46*o + 19/6*o**4 + 4/3*o**3. Is d(-5) a composite number?
False
Let y = -70 - -72. Suppose -4*a + 10024 = 4*s, -3*s = -y*a + 2*s + 4991. Let o = a + -1388. Is o a composite number?
True
Let k(f) = 83969*f**2 + 26*f + 26. Is k(-1) a composite number?
False
Let k(c) = 656*c - 4173. Is k(25) prime?
True
Let p = -161 + 106. Let j = p - -57. Let z = 333 + j. Is z composite?
True
Let q(s) = -9627*s + 1165. Is q(-16) a composite number?
True
Let q(n) = -n**3 - 70*n**2 - 161*n + 257. Is q(-71) prime?
True
Let d(q) = 3*q**3 - 3*q**2 - 536*q - 303. Is d(49) composite?
True
Let o(f) = 779*f**2 - 2*f - 3. Let q(x) = 2*x**3 - 1 - 12*x**2 - x**3 + 8*x**2 - 3*x + 6*x**2. Let i be q(-3). Is o(i) composite?
True
Let t(q) = q**3 - 4*q**2 - 11*q - 4. Let w be t(6). Let f(m) = 19*m + 388*m**w - 97*m**2 - 20*m + 229*m**2. Is f(-1) a prime number?
True
Let b be -14*(2 - (-5)/(-2)). Let n be (-23)/(-2) + (5 - b/2). Suppose 16*z = n*z + 21. Is z composite?
False
Let s(r) = -28 - 29 - 2*r**2 - 34*r - r**3 - 15*r**2 - 16 + 14. Is s(-18) composite?
False
Suppose 0 = -5*j + 3*t + 94942, -4*t + 30028 = 3*j - 26943. Is j a composite number?
True
Let j(a) = -7*a**3 - a**2 + 29*a - 55. Is j(-26) composite?
False
Let a be (-4)/(-24) - ((-76)/(-24) - 3). Suppose a = 5*p - 20, 0 = z - p + 6*p + 627. Let v = 380 - z. Is v prime?
False
Suppose 8*c - 82757 - 75155 = 0. Is c prime?
True
Let t = 3409 + -5139. Let p = t + 8491. Is p composite?
False
Let n = -39 + 42. Suppose 5*a = n*p + 7 + 12, 0 = -p - 4*a + 5. Let o(x) = -146*x**3 + 2*x**2 + 4*x + 1. Is o(p) a composite number?
True
Let f(n) = -26*n + 37. Let h be f(1). Suppose x - 4*a - 1407 = 0, 4*a + h = 3. Is x prime?
True
Let g = 36194 + -21573. Is g a composite number?
False
Let j(i) = -8*i - 6*i + i + 4*i - 6 + 22 + 2*i**2. Let g be 2/(1*(-2)/(-7)). Is j(g) composite?
True
Let d be 8*(5 - 2)*80. Suppose 8191 = t - d. Is t composite?
False
Let o be (-22)/18 - 5*4/(-90). 